s digit of 2138739180?
3
What is the hundred millions digit of 630385784?
6
What is the ten millions digit of 521737003?
2
What is the units digit of 1124040429?
9
What is the units digit of 6364656459?
9
What is the hundred thousands digit of 405295510?
2
What is the ten thousands digit of 9326197?
2
What is the millions digit of 22519165?
2
What is the hundred millions digit of 322504418?
3
What is the billions digit of 6589428685?
6
What is the tens digit of 24751996?
9
What is the hundred thousands digit of 119416864?
4
What is the hundreds digit of 770114905?
9
What is the millions digit of 637053977?
7
What is the tens digit of 136632267?
6
What is the thousands digit of 2455352158?
2
What is the units digit of 58309922?
2
What is the ten thousands digit of 24048349?
4
What is the hundred thousands digit of 1803219352?
2
What is the hundreds digit of 30255658?
6
What is the tens digit of 7275966701?
0
What is the hundreds digit of 123732181?
1
What is the tens digit of 694733106?
0
What is the tens digit of 78326115?
1
What is the hundred thousands digit of 21789831?
7
What is the ten thousands digit of 65027142?
2
What is the hundred millions digit of 397157506?
3
What is the millions digit of 493595247?
3
What is the hundred thousands digit of 493567?
4
What is the units digit of 643951615?
5
What is the tens digit of 1301217906?
0
What is the ten thousands digit of 85415292?
1
What is the thousands digit of 132339721?
9
What is the billions digit of 2330670807?
2
What is the thousands digit of 16607435?
7
What is the tens digit of 1310624402?
0
What is the hundred millions digit of 1451847075?
4
What is the hundreds digit of 226293496?
4
What is the ten thousands digit of 517334231?
3
What is the billions digit of 1573889021?
1
What is the thousands digit of 9732355?
2
What is the ten millions digit of 2908454953?
0
What is the thousands digit of 311984884?
4
What is the hundred millions digit of 793779968?
7
What is the billions digit of 5311610827?
5
What is the thousands digit of 89004?
9
What is the hundreds digit of 3011703420?
4
What is the thousands digit of 1004959157?
9
What is the ten millions digit of 308067656?
0
What is the ten millions digit of 35448306?
3
What is the tens digit of 971113010?
1
What is the ten thousands digit of 915347683?
4
What is the units digit of 221671724?
4
What is the millions digit of 78604892?
8
What is the millions digit of 515786562?
5
What is the thousands digit of 133324151?
4
What is the tens digit of 1746243475?
7
What is the ten thousands digit of 730263424?
6
What is the ten thousands digit of 125673761?
7
What is the units digit of 151203735?
5
What is the tens digit of 2210947843?
4
What is the hundred thousands digit of 1406497258?
4
What is the tens digit of 95866608?
0
What is the millions digit of 34964532?
4
What is the tens digit of 1191849872?
7
What is the thousands digit of 36518607?
8
What is the millions digit of 591019430?
1
What is the thousands digit of 77497264?
7
What is the ten thousands digit of 810582412?
8
What is the ten millions digit of 153112086?
5
What is the ten thousands digit of 249609968?
0
What is the millions digit of 36339189?
6
What is the hundreds digit of 4193902685?
6
What is the ten thousands digit of 212633977?
3
What is the hundred thousands digit of 201907315?
9
What is the hundred thousands digit of 51066168?
0
What is the thousands digit of 72134749?
4
What is the tens digit of 822103533?
3
What is the units digit of 40600183?
3
What is the tens digit of 103758068?
6
What is the thousands digit of 21225218?
5
What is the units digit of 5869999784?
4
What is the hundreds digit of 725446548?
5
What is the tens digit of 1350211432?
3
What is the units digit of 51652085?
5
What is the units digit of 98719982?
2
What is the units digit of 318677251?
1
What is the millions digit of 90783100?
0
What is the thousands digit of 60236252?
6
What is the thousands digit of 35513860?
3
What is the hundreds digit of 77545914?
9
What is the millions digit of 365592831?
5
What is the tens digit of 34505088?
8
What is the hundreds digit of 139750656?
6
What is the hundreds digit of 112500659?
6
What is the tens digit of 57520833?
3
What is the hundred millions digit of 1142726578?
1
What is the ten thousands digit of 160686914?
8
What is the thousands digit of 141427550?
7
What is the units digit of 2806639354?
4
What is the hundred millions digit of 1161842161?
1
What is the hundred thousands digit of 576043110?
0
What is the hundred millions digit of 2135753343?
1
What is the tens digit of 210952486?
8
What is the ten thousands digit of 112462194?
6
What is the tens digit of 44887428?
2
What is the millions digit of 2177280591?
7
What is the thousands digit of 635208110?
8
What is the ten millions digit of 159496947?
5
What is the ten millions digit of 48613602?
4
What is the hundred millions digit of 2289999386?
2
What is the units digit of 144857148?
8
What is the units digit of 22126298?
8
What is the ten thousands digit of 149174891?
7
What is the billions digit of 2269689541?
2
What is the hundred thousands digit of 67186319?
1
What is the tens digit of 715745452?
5
What is the units digit of 5684462?
2
What is the tens digit of 114638538?
3
What is the thousands digit of 60047730?
7
What is the millions digit of 911794260?
1
What is the billions digit of 1189694205?
1
What is the ten thousands digit of 14346379?
4
What is the ten thousands digit of 622705595?
0
What is the millions digit of 55394026?
5
What is the units digit of 167529122?
2
What is the hundred millions digit of 103279131?
1
What is the units digit of 605866587?
7
What is the thousands digit of 880746276?
6
What is the hundreds digit of 8517780060?
0
What is the units digit of 253268338?
8
What is the ten millions digit of 206979275?
0
What is the thousands digit of 71005055?
5
What is the hundred millions digit of 491498913?
4
What is the ten millions digit of 48080264?
4
What is the millions digit of 97134157?
7
What is the units digit of 858920705?
5
What is the tens digit of 62566509?
0
What is the units digit of 940345067?
7
What is the thousands digit of 5216978918?
8
What is the ten thousands digit of 108287740?
8
What is the hundred thousands digit of 264155185?
1
What is the millions digit of 210438317?
0
What is the ten thousands digit of 22351920?
5
What is the millions digit of 2667635841?
7
What is the units digit of 804082875?
5
What is the hundred thousands digit of 51979322?
9
What is the hundred millions digit of 4043802534?
0
What is the hundred thousands digit of 1036701825?
7
What is the ten millions digit of 10322873?
1
What is the hundreds digit of 210064413?
4
What is the hundred thousands digit of 31985490?
9
What is the thousands digit of 20710221?
0
What is the millions digit of 42692023?
2
What is the hundreds digit of 1629239956?
9
What is the units digit of 118058373?
3
What is the thousands digit of 55064639?
4
What is the ten millions digit of 67444991?
6
What is the hundreds digit of 62593017?
0
What is the ten millions digit of 501421061?
0
What is the hundred thousands digit of 67416714?
4
What is the ten thousands digit of 84882115?
8
What is the ten thousands digit of 294572766?
7
What is the thousands digit of 98348594?
8
What is the millions digit of 262340530?
2
What is the millions digit of 489820997?
9
What is the tens digit of 603986117?
1
What is the hundreds digit of 2678288249?
2
What is the hundred thousands digit of 22065863?
0
What is the hundred millions digit of 487159150?
4
What is the hundreds digit of 166610164?
1
What is the thousands digit of 109230862?
0
What is the thousands digit of 3466374471?
4
What is the hundred millions digit of 448969693?
4
What is the hundreds digit of 52001232?
2
What is the thousands digit of 76416626?
6
What is the hundred millions digit of 716335860?
7
What is the ten thousands digit of 46298988?
9
What is the thousands digit of 586624801?
4
What is the millions digit of 97754723?
7
What is the ten thousands digit of 60376278?
7
What is the hundreds digit of 2792654?
6
What is the hundreds digit of 27253168?
1
What is the hundreds digit of 1463989772?
7
What is the ten thousands digit of 221475646